2) to base 11
-20292
What is -a6 (base 11) in base 13?
-8c
What is -21013 (base 5) in base 11?
-1048
What is 10 (base 4) in base 9?
4
-4a2 (base 12) to base 8
-1272
20110210 (base 3) to base 11
3600
-322 (base 16) to base 4
-30202
What is -433014 (base 5) in base 13?
-6944
What is -1142 (base 9) in base 8?
-1520
3135 (base 6) to base 9
865
Convert -8758 (base 12) to base 11.
-10216
-5371 (base 10) to base 16
-14fb
What is aa5 (base 14) in base 2?
100000111001
7099 (base 10) to base 11
5374
11021 (base 7) to base 2
101011000111
What is -164 (base 10) in base 8?
-244
25523 (base 6) to base 10
3867
Convert -6446 (base 10) to base 3.
-22211202
What is -33b (base 14) in base 10?
-641
-a983 (base 14) to base 16
-7287
Convert -7103 (base 8) to base 4.
-321003
What is 1223100 (base 4) in base 12?
3b80
What is 220020 (base 3) in base 7?
1623
-66501 (base 7) to base 10
-16710
-181 (base 15) to base 5
-2341
What is -7984 (base 11) in base 10?
-10498
What is 7962 (base 11) in base 7?
42352
1100111 (base 2) to base 16
67
-77a7 (base 11) to base 10
-10281
18251 (base 14) to base 6
1145343
What is 5123 (base 9) in base 7?
13632
What is 33541 (base 7) in base 6?
103214
d90 (base 15) to base 10
3060
-232202 (base 4) to base 13
-1481
Convert 83322 (base 9) to base 10.
54938
1100000010011 (base 2) to base 10
6163
Convert 42615 (base 8) to base 11.
12417
338 (base 16) to base 7
2255
Convert -388 (base 10) to base 3.
-112101
What is 7a (base 12) in base 8?
136
-13201101 (base 4) to base 16
-7851
-48aa (base 12) to base 10
-8194
-1010111010 (base 2) to base 3
-221212
13101101 (base 4) to base 2
111010001010001
Convert 2a1 (base 12) to base 5.
3114
Convert -1011102001 (base 3) to base 4.
-11211301
Convert -1b3d (base 15) to base 4.
-1130110
What is 21212 (base 4) in base 14?
31c
-114 (base 12) to base 7
-316
Convert -13303 (base 6) to base 16.
-807
What is -2002220 (base 3) in base 16?
-600
a4cf (base 16) to base 11
29776
Convert -868 (base 12) to base 7.
-3410
What is -1b26 (base 16) in base 14?
-2766
Convert -1121 (base 3) to base 11.
-3a
What is 2210011 (base 3) in base 5?
31104
-1022320 (base 4) to base 2
-1001010111000
Convert -424 (base 6) to base 9.
-187
Convert 10001100101011101 (base 2) to base 7.
416666
Convert 4230 (base 6) to base 12.
676
-732c (base 16) to base 8
-71454
What is 1010120 (base 5) in base 14?
5d13
Convert 1021 (base 6) to base 16.
e5
What is 10201 (base 5) in base 15?
301
Convert 544a (base 12) to base 15.
2b34
Convert 110101111 (base 2) to base 11.
362
Convert 62d (base 14) to base 4.
103001
-e15 (base 16) to base 14
-1457
4871 (base 9) to base 14
1472
What is 322652 (base 7) in base 15?
119e5
1012201 (base 3) to base 16
373
What is 11110021 (base 3) in base 13?
162a
What is 7576 (base 9) in base 12?
3289
-2 (base 14) to base 5
-2
What is 705 (base 14) in base 13?
81c
89a (base 13) to base 10
1479
-23235 (base 6) to base 16
-d07
2220102001 (base 3) to base 5
3312120
Convert 14666 (base 7) to base 5.
112430
What is -222421 (base 6) in base 8?
-44455
Convert 214 (base 8) to base 11.
118
15536 (base 7) to base 4
1010210
What is 7323 (base 13) in base 14?
5b2b
-1305 (base 6) to base 7
-650
-745 (base 16) to base 13
-b02
-618 (base 9) to base 4
-13313
495 (base 15) to base 8
2020
What is 13032211 (base 4) in base 6?
345021
Convert -1152b (base 12) to base 3.
-1011211222
Convert 15310 (base 6) to base 12.
1536
4e59 (base 15) to base 16
415e
Convert 103128 (base 9) to base 6.
1151555
What is -67e (base 16) in base 7?
-4563
Convert -a8b (base 14) to base 16.
-823
What is 5355 (base 6) in base 13?
731
36 (base 12) to base 14
30
285 (base 11) to base 15
175
Convert 10011110011011 (base 2) to base 12.
5a4b
What is -712 (base 9) in base 7?
-1454
Convert 1101012 (base 3) to base 8.
1754
What is -33443 (base 6) in base 16?
-1263
1305 (base 7) to base 3
200100
Convert 1011000011100 (base 2) to base 12.
3338
-779 (base 14) to base 15
-689
Convert -182 (base 12) to base 13.
-158
Convert 5044 (base 12) to base 14.
324c
What is -132031 (base 5) in base 15?
-1861
What is 1b13 (base 12) in base 16?
cff
What is 333454 (base 6) in base 16?
6d8a
What is -31003 (base 5) in base 16?
-7d3
Convert 4cc (base 15) to base 12.
770
What is 12310 (base 4) in base 2?
110110100
What is -211 (base 16) in base 4?
-20101
Convert 263 (base 13) to base 11.
351
What is 1011 (base 4) in base 13?
54
Convert -db23 (base 14) to base 6.
-451135
Convert 618 (base 16) to base 3.
2010210
Convert -1dd (base 16) to base 15.
-21c
3756 (base 8) to base 13
c02
Convert 4134 (base 5) to base 8.
1040
Convert -1222120 (base 3) to base 7.
-4134
Convert -20010022 (base 3) to base 11.
-3398
What is 1872 (base 9) in base 5?
21232
Convert -2335 (base 8) to base 7.
-3426
What is -25754 (base 9) in base 15?
-523d
What is -1032 (base 4) in base 7?
-141
What is -1074 (base 8) in base 2?
-1000111100
What is 10010011111000110 (base 2) in base 8?
223706
Convert 1420 (base 5) to base 12.
177
What is -471 (base 15) in base 6?
-4354
Convert 526 (base 10) to base 16.
20e
Convert -1011100110 (base 2) to base 9.
-1014
What is -a1c3 (base 15) in base 9?
-51763
8009 (base 14) to base 2
101010111001001
35551 (base 10) to base 14
cd55
Convert -1177 (base 16) to base 3.
-20010121
Convert -41036 (base 7) to base 15.
-2e4e
What is -5590 (base 11) in base 9?
-11076
What is 3455 (base 7) in base 4?
103301
23220 (base 8) to base 14
3852
-1101100010 (base 2) to base 14
-45c
56165 (base 9) to base 10
37319
Convert 1101000 (base 2) to base 7.
206
10101010 (base 2) to base 8
252
Convert 10100001011010 (base 2) to base 13.
4918
Convert -1b8c (base 13) to base 9.
-5645
Convert 6383 (base 10) to base 12.
383b
What is -433 (base 9) in base 15?
-189
What is 211a (base 14) in base 6?
42232
Convert -22225 (base 6) to base 11.
-2380
What is 120 (base 11) in base 10?
143
What is -403 (base 11) in base 16?
-1e7
-57602 (base 8) to base 15
-73a0
Convert -5244 (base 7) to base 10.
-1845
Convert 1e8 (base 16) to base 10.
488
33654 (base 7) to base 15
2810
-289 (base 11) to base 9
-416
Convert -22312 (base 5) to base 13.
-949
Convert -20221 (base 5) to base 14.
-699
Convert -4151 (base 9) to base 7.
-11605
23111 (base 4) to base 16
2d5
730 (base 13) to base 6
5354
What is 2212 (base 5) in base 11?
25a
-56017 (base 8) to base 4
-11300033
1053 (base 8) to base 5
4210
35604 (base 10) to base 8
105424
-110440 (base 6) to base 16
-2418
-1101000000000 (base 2) to base 6
-50452
Convert -594 (base 12) to base 16.
-340
-122 (base 14) to base 12
-16a
8889 (base 12) to base 5
440311
364 (base 9) to base 7
610
What is b201 (base 13) in base 9?
36548
Convert -12583 (base 11) to base 14.
-67b9
Convert -501 (base 9) to base 16.
-196
What is -17001 (base 11) in base 4?
-11312113
Convert 122131 (base 5) to base 12.
284a
What is 1021101020 (base 3) in base 2?
110000111100110
-177 (base 16) to base 14
-1cb
What is 114525 (base 7) in base 14?
784c
-1200 (base 3) to base 15
-30
Convert -42553 (base 6) to base 15.
-1ad9
What is 11110102 (base 3) in base 16?
cb3
18e (base 15) to base 2
101100111
477 (base 9) to base 12
28a
Convert -332522 (base 6) to base 16.
-6cc2
197a (base 11) to base 4
213023
What is -1121 (base 9) in base 14?
-433
Convert 21001202 (base 3) to base 14.
1c3c
What is 11301 (base 6) in base 7?
4504
Convert 230222 (base 5) to base 6.
101523
What is -201212 (base 3) in base 7?
-1364
3b7 (base 15) to base 7
2320
5401 (base 12) to base 13
4270
What is -2a9 (base 11) in base 10?
-361
2103422 (base 5) to base 8
104056
37dc (base 16) to base 3
201121122
Convert 2129 (base 11) to base 5.
42224
What is -1423 (base 5) in base 9?
-284
What is 2a296 (base 12) in base 9?
100126
Convert 1030312 (base 5) to base 9.
26105
2dd (base 14) to base 6
2415
10b5 (base 14) to base 10
2903
What is -3c31 (base 14) in base 12?
-6197
Convert -221421 (base 6) to base 3.
-221101211
Convert -10100001000 (base 2) to base 8.
-2410
6556 (base 12) to base 8
25622
What is 211022122 (base 3) in base 14?
5d03
What is -341 (base 16) in base 7?
-2300
-2036 (base 8) to base 10
-1054
Convert 11101112022 (base 3) to base 16.
15188
-220021 (base 3) to base 16
-28f
Convert -112110 (base 4) to base 15.
-653
100542 (base 7) to base 11
1191a
-2ebb (base 16) to base 13
-55a3
What is 323 (ba